9 + -59b?
-5a8
In base 13, what is -1a2 - -43?
-15c
In base 13, what is 1 + 1?
2
In base 7, what is 1 + -130?
-126
In base 7, what is 221 + -4?
214
In base 13, what is -5 + 131?
129
In base 13, what is -4764 + 1?
-4763
In base 10, what is 19 - -19?
38
In base 13, what is -21 + b?
-13
In base 10, what is -1 - -792?
791
In base 13, what is -1a + -10?
-2a
In base 14, what is 1cbb + -5?
1cb6
In base 10, what is 39239 + -2?
39237
In base 11, what is -4 - -a2?
99
In base 2, what is 0 + -110110101011?
-110110101011
In base 12, what is 5 + 49?
52
In base 14, what is -5 - -36?
31
In base 8, what is 135 - 1?
134
In base 14, what is 5c3 - -4?
5c7
In base 5, what is 1 - 143?
-142
In base 2, what is 0 + 11001?
11001
In base 13, what is -2 + -28?
-2a
In base 4, what is 21 + 3200?
3221
In base 12, what is 5b7 - 3?
5b4
In base 3, what is -2110 - 201?
-10011
In base 10, what is 49 - 346?
-297
In base 2, what is 100001 + -1100010?
-1000001
In base 3, what is -102 - -120?
11
In base 5, what is 10242 - -3?
10300
In base 10, what is 4576 - 0?
4576
In base 9, what is -2 - 1?
-3
In base 7, what is 4 + 20362?
20366
In base 3, what is -20121 + 1?
-20120
In base 13, what is 164 - 19?
148
In base 6, what is -41 - 5?
-50
In base 6, what is 4 - -41?
45
In base 12, what is -3a + -2a?
-68
In base 3, what is 21 - -11121?
11212
In base 4, what is 1100 + 10?
1110
In base 16, what is -232e + -5?
-2333
In base 9, what is -4 - -115?
111
In base 12, what is 156 - 2?
154
In base 2, what is 1111011001 - -1?
1111011010
In base 14, what is 7 - -228?
231
In base 15, what is -3 - -9d5?
9d2
In base 14, what is -805 - 6?
-80b
In base 5, what is -40 + 34?
-1
In base 9, what is 16 + -58?
-42
In base 6, what is -100204 + -5?
-100213
In base 9, what is 1263 + 5?
1268
In base 9, what is 1 + -362?
-361
In base 16, what is 12 + -23e?
-22c
In base 12, what is -126 - 74?
-19a
In base 8, what is -61 - -2?
-57
In base 4, what is 133 + 21?
220
In base 5, what is -10 + 140124?
140114
In base 3, what is -22 + -101022?
-101121
In base 4, what is 101 + 3?
110
In base 11, what is 3817 + 2?
3819
In base 11, what is -a + 67?
58
In base 5, what is 3 + 104104?
104112
In base 6, what is -200 - -345?
145
In base 10, what is 12 + 417?
429
In base 15, what is -5 + 71?
6b
In base 14, what is 5 - 103?
-dc
In base 12, what is 2ab - 32?
279
In base 8, what is 1 + 64?
65
In base 7, what is 4 + -4?
0
In base 13, what is 5a8b - 0?
5a8b
In base 7, what is 24 - 1505?
-1451
In base 16, what is 7 - -10?
17
In base 14, what is 284a + 2?
284c
In base 6, what is -21 - 1?
-22
In base 9, what is 5 + -733?
-727
In base 12, what is 382 + -a?
374
In base 15, what is 4 - -1a?
1e
In base 10, what is 121 - 6?
115
In base 4, what is -2130221 - 3?
-2130230
In base 13, what is 0 + 21?
21
In base 12, what is -3 - 4a5?
-4a8
In base 5, what is 44013 + -1?
44012
In base 11, what is -158 - 0?
-158
In base 3, what is 101 + -21?
10
In base 2, what is -111 - 1111000?
-1111111
In base 16, what is -1d9 + -2?
-1db
In base 6, what is -415 + -3?
-422
In base 14, what is 263 - a?
257
In base 13, what is -629 - 1?
-62a
In base 15, what is 4 - b16?
-b12
In base 15, what is e + -a1?
-92
In base 4, what is 133 - 111?
22
In base 2, what is 100100 - 10011010?
-1110110
In base 5, what is 1334 - -4?
1343
In base 6, what is 101 - -23?
124
In base 4, what is 10 - 112?
-102
In base 4, what is -12331 + 1?
-12330
In base 3, what is 102022 + -10?
102012
In base 15, what is -5 - 1b8?
-1bd
In base 7, what is 12 - 203?
-161
In base 10, what is 9 - 36?
-27
In base 7, what is -2241 - -46?
-2162
In base 14, what is 4d4 - -2?
4d6
In base 2, what is 1010 - -11100000?
11101010
In base 15, what is e4 + -2?
e2
In base 16, what is 2d6 + 4?
2da
In base 14, what is -5a9 - 5?
-5b0
In base 6, what is -5 + -350?
-355
In base 2, what is 10010000001110111 + 11?
10010000001111010
In base 14, what is -2 - -1cad?
1cab
In base 11, what is 1 + -77?
-76
In base 9, what is -3 + 88?
85
In base 4, what is 1121 + 2?
1123
In base 3, what is -102 + 220?
111
In base 15, what is 0 - 39?
-39
In base 11, what is -257 - 4?
-260
In base 8, what is -30 - -231?
201
In base 16, what is d9 + 1c?
f5
In base 7, what is 502 + -5?
464
In base 7, what is 2050 + 3?
2053
In base 2, what is 100 - 1101101?
-1101001
In base 15, what is -4b + -3?
-4e
In base 13, what is -1a - 5?
-22
In base 7, what is 3100 - -12?
3112
In base 11, what is -56 - -4?
-52
In base 7, what is 22 + -11?
11
In base 14, what is 4c + -13?
39
In base 7, what is 22 - -22?
44
In base 16, what is 25 + 0?
25
In base 14, what is -2 + 3a?
38
In base 15, what is 1 + -240?
-23e
In base 8, what is -1 + -451?
-452
In base 4, what is -2103 + 0?
-2103
In base 15, what is 1b + 6?
22
In base 10, what is 0 + 89?
89
In base 3, what is 11 - 110202?
-110121
In base 2, what is 100111101 - -100?
101000001
In base 8, what is 5 + -7?
-2
In base 11, what is -75 - -8?
-68
In base 15, what is 3 + -86?
-83
In base 11, what is -38 - 1a?
-57
In base 14, what is -2 + -108?
-10a
In base 9, what is -510 + -24?
-534
In base 15, what is d + 24?
32
In base 10, what is -5 - 155?
-160
In base 6, what is 0 + -2?
-2
In base 3, what is 10210 - 10?
10200
In base 12, what is 380 + 7?
387
In base 9, what is 2 + -202?
-200
In base 12, what is -138 + -1?
-139
In base 9, what is 2688 - 5?
2683
In base 13, what is -2a + 49?
1c
In base 3, what is -1002 + 11?
-221
In base 12, what is 86 + -50?
36
In base 16, what is 24 + 9?
2d
In base 9, what is -5 - 73?
-78
In base 4, what is -1111313 + 3?
-1111310
In base 8, what is 74 - 26?
46
In base 14, what is -a3 + -9?
-ac
In base 13, what is 4017 + 2?
4019
In base 11, what is 5 - -53?
58
In base 8, what is 3631 + 1?
3632
In base 4, what is 1 - -10313?
10320
In base 9, what is -228 - -13?
-215
In base 6, what is -4141 - -3?
-4134
In base 16, what is -52 + 83?
31
In base 10, what is 4 + 65?
69
In base 15, what is -1a0 + 1?
-19e
In base 8, what is -1 + 160?
157
In base 13, what is 6c7 - 4?
6c3
In base 3, what is 11020110 - 0?
11020110
In base 4, what is -1031 - 212?
-1303
In base 11, what is -19a - -18?
-182
In base 16, what is 0 + -22f?
-22f
In base 16, what is 4 + -99?
-95
In base 10, what is -1 - -283?
282
In base 10, what is 4586 - 1?
4585
In base 5, what is 40 + -221?
-131
In base 4, what is -3 - 32033?
-32102
In base 15, what is 4961 + -2?
495e
In base 3, what is 10 - -1020?
1100
In base 11, what is -4 + 10?
7
In base 5, what is 20132 + -3?
20124
In base 7, what is -2515 + 3?
-2512
In base 11, what is -5 + aa?
a5
In base 3, what is 2 + 220?
222
In base 4, what is -11 + 2?
-3
In base 2, what is -1 - -111101101?
111101100
In base 10, what is 10 - 5?
5
In base 4, what is 2 - -13231?
13233
In base 12, what is -35 + 138?
103
In base 4, what is -1230 - -211?
-1013
In base 2, what is -111000001 - 101?
-111000110
In base 8, what is -3411 - 0?
-3411
In base 11, what is -3167 - -1?
-3166
In base 6, what is 1 - 50?
-45
In base 10, what is 3196 - -8?
3204
In base 10, what is -6 - -56?
50
In base 3, what is 2 + -1210111?
-1210102
In base 13, what is 101 - -22?
123
In base 7, what is -21 + -21?
-42
In base 11, what is 4 + 230?
234
In base 6, what is 3 + -243?
-240
In base 4, what is -12 - -300?
222
In base 4, what is 312 + 202?
1120
In base 9, what is 38 + -65?
-26
In base 9, what is -4 - 1084?
-1088
In base 16, what is 1 - 66?
-65
In base 7, what is -34264 - 5?
-34302
In base 3, what is 10102 + -122?
2210
In base 8, what is 122 - -35?
157
In base 14, what is 13 + 24?
37
In base 7, what is -166 - 2?
-201
In base 11, what is -2a - 28?
-57
In base 11, what is -5 - -2?
-3
In base 2, what is 0 + 1001100?
1001100
In base 14, what is -6 - -3?
-3
In base 8, what is 67 - 0?
67
In base 16, what is 480 - -2?
482
In base 2, what is -1100 + 100101?
11001
In base 8, what is 4 - 763?
-757
In base 3, what is 11011 + -1?
11010
In base 5, what is -10433 + -10?
-10443
In base 16, what is 4 - -1d?
21
In base 16, what is -1 + a6?
a5
In base 7, what is -3 - -1625?
1622
In base 11, what is 75 + 32?
a7
In base 9, what is 12 + 1821?
1833
In base 8, what is -5 + -377?
-404
In base 6, what is 4 - 55?
-51
In base 9, what is 328 + 7?
336
In base 14, what is 33 + 7?
3a
In base 15, what is 22 - -c?
2e
In base 3, what is -10 + -1222?
-2002
In base 10, what is 3 - -5?
8
In base 3, what 